n*b - 3*o. Is b composite?
True
Let c = 24 + -17. Suppose c*a = 3*a. Suppose -4*t + t + 63 = a. Is t a prime number?
False
Let k = 4985 - 3442. Is k a composite number?
False
Suppose -11*m + 201 = -10*m. Is m a prime number?
False
Let v(h) be the third derivative of -109*h**4/24 - 5*h**3/6 + 6*h**2. Is v(-2) prime?
False
Let u(q) = q**3 + 21*q**2 + 13*q - 28. Is u(-17) prime?
True
Suppose -i + 31 - 5 = 0. Let v = i + -2. Suppose 45 = 3*g - v. Is g a composite number?
False
Let a = 49 - 69. Let h = -14 + 45. Let n = h + a. Is n prime?
True
Let t(a) = -4*a**2 - 9*a - 4. Let f(k) = -3*k**2 - 8*k - 3. Let j(w) = -5*f(w) + 4*t(w). Let y be j(3). Suppose -745 = -3*d - y*d. Is d a prime number?
True
Suppose -4*a = -5*g + 15, -a - 3*g + 15 - 6 = 0. Suppose a = -5*j - 3 - 42. Let m = j - -47. Is m a composite number?
True
Suppose 0*j + j = 0. Let a = j - -2. Suppose 0 = -a*r - 3*r + 35. Is r a composite number?
False
Let z be 30/4*8/5. Let o = z + -8. Is o composite?
True
Suppose 3 + 7 = 5*w. Let d(g) = -g + w*g + 2*g**3 + 3*g**2 - 2*g**2 + 1. Is d(2) a composite number?
False
Let j(n) = 15*n**3 - 6*n**2 + 11*n - 7. Is j(4) prime?
False
Let o be (-3)/(-6)*-1*448. Let m = o + 475. Is m a composite number?
False
Suppose u + 236 = 4*l, -u - 48 = -l + 2*u. Let b = 91 - l. Is b prime?
True
Suppose 0 = -3*j + 12*j - 1143. Is j a composite number?
False
Suppose 7*g = 3*g. Suppose -1175 = -g*a - 5*a. Is a a prime number?
False
Suppose -2*z - 3*z - 425 = 0. Let p = z - -155. Let u = p - -15. Is u prime?
False
Suppose -6*o + 6 = -3*o + 3*n, 5*n = 0. Let d = o + 51. Is d prime?
True
Is (14406/10 - 0) + 166/415 a composite number?
True
Let p = -145 - -268. Is p a composite number?
True
Suppose 7*t - 5*t = 304. Suppose -j = -t - 68. Let s = j + -143. Is s a prime number?
False
Let f be ((-8)/10)/(2/(-5)). Suppose f*c = -p - c - 8, -4*p - 2*c - 2 = 0. Is (-1 - p)*141/(-6) prime?
True
Let p(q) = 4*q**3 + 2*q - 1. Let l be p(1). Suppose 3*z + 11 = l*c, 5*c = -3*z - 3 + 2. Is (2 + -1)/(z/(-6)) composite?
False
Suppose 2*v = 2*n - n + 4, 0 = 2*v - 4*n - 16. Let d(x) = x**2 - x. Let w be d(v). Suppose -7*z + 3*z + 84 = w. Is z prime?
False
Let p(o) = -o**3 - 6*o**2 - o - 7. Let q be p(-6). Let f(r) = 69*r - 1. Let k be f(q). Let s = 137 + k. Is s composite?
False
Suppose 109 = v - 168. Is v a prime number?
True
Suppose -2*f + 3*f + 9 = 2*x, -5*f + 25 = 4*x. Is ((0 - -4) + 9)/f a composite number?
False
Suppose 0 = -5*q + 5*x + 15, -4*x - 28 = 3*q - 9. Is q + (-97 - -1)/(-2) composite?
False
Let d(y) = 47*y. Suppose 3 = 5*b - r, 0 = 3*b - 4*r + 6 - 1. Is d(b) a composite number?
False
Let i(k) = -3*k**3 - k**2 - 1. Let c = 4 + -6. Is i(c) prime?
True
Suppose 3*x - 646 = -2*m, 6*m - 2*x - 969 = 3*m. Is m a prime number?
False
Let f(k) = 2*k + 0*k + 4 + 2. Let t be f(-5). Is t/(-14) + (-40)/(-7) a composite number?
True
Suppose 4*u + u = 1610. Suppose -347 = -3*v + u. Is v a prime number?
True
Let r(w) = 70*w - 19. Let q be r(-11). Let b = q - -1480. Is b prime?
True
Let c(a) = 10*a**3 - 3*a**2 + 3*a - 3. Is c(2) prime?
True
Let l be 1 + 9/(-3) + -12. Let b be l*1*(-12)/(-14). Is (0 - 3)*316/b prime?
True
Let a = -92 - -115. Is a composite?
False
Suppose -3*n = -p - 161, -3*p = -5*n - 26 + 289. Is n a prime number?
False
Suppose 3*w = 6*w - 9. Suppose -151 - 50 = -w*p. Is p prime?
True
Let p(x) = -14*x + 17. Let y(g) = 14*g - 16. Let f(a) = -4*p(a) - 5*y(a). Is f(-5) composite?
True
Let m(i) be the second derivative of -i**5/60 + i**4/12 + i**3/6 - i. Let r(z) be the second derivative of m(z). Is r(-6) a prime number?
False
Let v = 100 + 28. Suppose 10 = 2*c - v. Is c prime?
False
Let l(w) = -w**3 + w + 1. Let i be l(0). Let m be 0/(i - (2 - 0)). Suppose -5*h = 3*g - 142, m = 3*g - 2*g - 5*h - 54. Is g composite?
True
Suppose d - 1393 = -4*r, 4*d = 4*r - 0*d - 1368. Is r a composite number?
False
Let k = -25 + 94. Suppose -7*a + k = -4*a. Is a composite?
False
Suppose 0 = 4*g - 3*z - 373 - 123, 5*z = -3*g + 401. Is g a composite number?
False
Let c(p) = -p**3 - p**2 - 4*p + 1. Is c(-3) prime?
True
Suppose 426 = -3*d - 279. Let j = -140 - d. Is j prime?
False
Let l(o) = o**2 - 5. Let c be (2 - 3)*(7 - 1). Is l(c) a composite number?
False
Let p(s) = 9*s**3 + 8*s**2 + 15*s - 1. Is p(9) a composite number?
True
Is 3/(-4) + 2397/12 a composite number?
False
Suppose 2*y = n + 930, y + 1397 = 4*y - n. Is y a composite number?
False
Let v(c) = c**3 - 10*c**2 - 7*c + 15. Is v(16) a composite number?
False
Let h(r) = r**2 - r + 1. Let w(x) = -75*x**3 + 7*x**2 - 6*x + 5. Let v(s) = 5*h(s) - w(s). Is v(1) a composite number?
True
Let v be (294/8)/(12/64). Suppose -4*i + v = -0*i. Is i a prime number?
False
Let k = -7 - -11. Suppose -f = k*v - 113, 2*v - 480 = -2*f - 2*f. Is f composite?
True
Suppose 3*c - 39321 = -2*q + 6*q, -5*c + 5*q + 65530 = 0. Is c prime?
True
Suppose 3*h - 13 = 5. Suppose 4*d - h = 3*r, 4*r = -5*d + 20 + 3. Suppose -3*y = -r*n + 235, 4*n + 474 = 8*n - 2*y. Is n prime?
False
Let h be 0 - (-1)/(0 - -1). Let k(i) = 118*i**2 + i. Is k(h) prime?
False
Let r(o) = -2*o - 2 - 2*o + 1. Let j = 3 + -5. Is r(j) a prime number?
True
Let a(x) = x**2 - 5*x + 59. Is a(16) composite?
True
Is (-4)/(-12)*((-3444)/(-4) - 0) a prime number?
False
Let c(a) = a + 12*a**2 - 2 + 2 + 1. Let x = 0 - 2. Is c(x) composite?
False
Let n(m) = m**3 + m + 3. Suppose 2*v = -2*q, -3*q + v = q - 10. Suppose q*j = 3*j. Is n(j) composite?
False
Let u be 92/28 - 4/14. Suppose -2*l = 3*l + u*b + 7, -l - 7 = -5*b. Let d = l - -9. Is d composite?
False
Let g = 174 + -104. Let s = g - -15. Is s composite?
True
Let b(w) = w**3 + 4*w**2 - 5*w + 6. Let q be b(-5). Let z(x) = x - 2. Is z(q) composite?
True
Suppose 0 = 5*b - 2 - 33. Let n be 19/b - (-10)/35. Suppose 0 = o + n*o - 28. Is o composite?
False
Let w(u) = -223*u**3 + 3*u**2 + 5*u + 2. Is w(-1) a composite number?
False
Suppose 0 = 4*n - 5*c - 2775, -5*n + c = -1609 - 1865. Is n a composite number?
True
Let w = -195 - -482. Is w prime?
False
Let i be 1 + 2 - (2 + -2). Suppose -i*t - 4 = -4*t, -2*c + 4*t = -4. Let w = -3 + c. Is w composite?
False
Let l = 60 + 1117. Is l a prime number?
False
Let d = 100 + -38. Suppose -5*n + 123 = -d. Is n composite?
False
Suppose -2*u - 3*u + 3*g + 627 = 0, 4*g = -5*u + 599. Is u prime?
False
Suppose -5*h - 375 = -5*q, 2*h = -q - 0*q + 87. Is q prime?
True
Suppose 4*f - 22*f = -16326. Is f a composite number?
False
Let i(s) = -16*s + 1. Let y(b) = -33*b + 1. Let m(v) = -13*i(v) + 6*y(v). Let g(d) = 2*d**2 - d. Let p be g(2). Is m(p) prime?
True
Let q(u) = 41*u - 15. Is q(10) prime?
False
Let b(c) = c + 104. Let z be b(0). Suppose -f = -5*v - z, -5*f + 2*v + 380 = -f. Is f composite?
True
Let w(s) = -8*s + 3. Suppose -3*q + 5*k = 3 + 1, -2*k - 8 = 0. Is w(q) a composite number?
False
Suppose 0 = -2*r + 11*r - 20997. Is r prime?
True
Let i be ((-4)/16)/((-3)/36). Suppose -2 - 4 = 3*f. Is (i/f + 0)*-46 a composite number?
True
Is (1041/(-9) - 4)*-3 composite?
False
Suppose 0 = 3*x - 710 + 47. Is x prime?
False
Suppose 0 = -3*z - 4*i + 355, 0 = -3*z + 2*i + i + 369. Is z a prime number?
False
Let s(q) = -5*q**2 + 3*q - 2. Let l be s(4). Let t = l - -119. Is t composite?
True
Suppose -3*x - 24 = -0*x. Let t(o) = o**3 + 8*o**2 - 3*o + 11. Is t(x) a composite number?
True
Suppose 4*t - 39 + 7 = 0. Let b(z) be the third derivative of z**5/60 - 3*z**3/2 + 3*z**2. Is b(t) a prime number?
False
Is -1*3/6*(-979 + 5) prime?
True
Suppose 2*u + 30 = 2*a, 3*a + 3*u - 39 = -0*u. Is a prime?
False
Suppose -2*y + 4314 = 2*y + 3*w, 3*y - 2*w - 3244 = 0. Let g = y - 761. Is g a prime number?
False
Suppose 0 = 5*x - 7*x + 844. Suppose 0*l + 2*l = x. Is l prime?
True
Let o = -27 + 70. Is o composite?
False
Let s(m) be the third derivative of -3*m**4/8 - 2*m**3/3 - 4*m**2. Is s(-13) a prime number?
True
Let k = 14 - 8. Let a(y) = -2*y + 10. Let x be a(7). Is 464/k - x/(-12) prime?
False
Let c(o) = -o**3 + o**2 + o - 3. Let z be c(0). Is (-6)/(-4)*(-22)/z prime?
True
Suppose -2*b - 46 = -2*m, -m + 0*m = 3*b - 35. Is 3 - (-2*m + 2) composite?
False
Let h = 30 + 47. Let s = 7 - 2. Suppose -5*f = 4*j - h, -2*f + s*f = -5*j + 54. Is f a prime number?
True
Suppose 0 = 5*v + 3*f - 25, -4*f = -3*v - 0*f + 15. Let c = 8 - v. Suppose 9 - c = g